s of 5279180946?
2, 3, 13, 67681807
List the prime factors of 91959777.
3, 7, 13, 47, 2389
List the prime factors of 128437181.
128437181
List the prime factors of 2424065889.
3, 7, 281, 410789
What are the prime factors of 906724392?
2, 3, 7, 211, 25579
List the prime factors of 2298997141.
7, 41, 1144349
What are the prime factors of 912031826?
2, 456015913
What are the prime factors of 43102309?
157, 281, 977
List the prime factors of 785278810.
2, 5, 113, 439, 1583
What are the prime factors of 739187968?
2, 587, 4919
List the prime factors of 71908822.
2, 67, 536633
List the prime factors of 300664729.
43, 503, 13901
What are the prime factors of 1079596380?
2, 3, 5, 281, 64033
What are the prime factors of 203287358?
2, 101643679
What are the prime factors of 3925058390?
2, 5, 11, 109, 113, 2897
List the prime factors of 74990136.
2, 3, 13, 240353
What are the prime factors of 1032093220?
2, 5, 51604661
What are the prime factors of 109163918?
2, 54581959
List the prime factors of 155744896.
2, 41, 59, 503
What are the prime factors of 1381660154?
2, 7, 2473, 5701
What are the prime factors of 141973821?
3, 11, 29, 49451
List the prime factors of 4051314538.
2, 839, 2414371
What are the prime factors of 83711128?
2, 17, 109, 5647
List the prime factors of 14165693.
83, 103, 1657
What are the prime factors of 17399423?
53, 328291
What are the prime factors of 461747138?
2, 1279, 180511
List the prime factors of 19137145.
5, 3827429
List the prime factors of 5582091.
3, 71, 73, 359
List the prime factors of 69402868.
2, 23, 754379
What are the prime factors of 1900963?
601, 3163
List the prime factors of 1018164525.
3, 5, 7, 47, 41263
What are the prime factors of 101763909?
3, 13, 869777
List the prime factors of 327247148.
2, 223, 366869
What are the prime factors of 204547817?
29, 367, 19219
What are the prime factors of 74027093?
7, 1510757
What are the prime factors of 3311116407?
3, 73, 1679917
List the prime factors of 2788866355.
5, 11, 3301, 15361
What are the prime factors of 985621210?
2, 5, 7, 14080303
List the prime factors of 417161870.
2, 5, 79, 528053
List the prime factors of 542864775.
3, 5, 29, 249593
What are the prime factors of 1543517244?
2, 3, 17, 2522087
List the prime factors of 1577071307.
7, 19, 661, 17939
List the prime factors of 10837694.
2, 7, 41, 79, 239
What are the prime factors of 1002205702?
2, 461, 1086991
List the prime factors of 822654251.
83, 9911497
List the prime factors of 142728904.
2, 97, 193, 953
What are the prime factors of 276956167?
457, 606031
List the prime factors of 232861582.
2, 67, 1737773
What are the prime factors of 15651769?
7, 211, 10597
What are the prime factors of 2721554003?
7, 67, 5802887
List the prime factors of 1171532524.
2, 41, 7143491
List the prime factors of 2112881696.
2, 66027553
What are the prime factors of 661747828?
2, 7, 1447, 16333
What are the prime factors of 128198200?
2, 5, 13, 49307
List the prime factors of 188524551.
3, 53, 1185689
List the prime factors of 11948647.
11948647
What are the prime factors of 939060336?
2, 3, 19563757
What are the prime factors of 52649586?
2, 3, 11, 139, 1913
What are the prime factors of 228209773?
11, 151, 137393
List the prime factors of 250656602.
2, 7, 17, 1053179
What are the prime factors of 81134034?
2, 3, 43, 107, 2939
What are the prime factors of 4899994627?
11, 445454057
What are the prime factors of 47035853?
47035853
List the prime factors of 61212186.
2, 3, 7, 19, 947
List the prime factors of 69273589.
7, 11, 17, 283
What are the prime factors of 155777870?
2, 5, 661, 23567
What are the prime factors of 108590222?
2, 13, 23, 41, 43, 103
List the prime factors of 235754671.
751, 313921
List the prime factors of 656757053.
241, 421, 6473
What are the prime factors of 178042684?
2, 44510671
What are the prime factors of 6732598326?
2, 3, 1122099721
What are the prime factors of 5528138220?
2, 3, 5, 11, 34469
What are the prime factors of 16460810?
2, 5, 47, 35023
List the prime factors of 54432305.
5, 10886461
What are the prime factors of 3164471?
53, 59707
What are the prime factors of 347401566?
2, 3, 67, 288061
What are the prime factors of 1381068255?
3, 5, 7, 409, 32159
What are the prime factors of 212515945?
5, 42503189
List the prime factors of 205028274.
2, 3, 11, 53, 58613
List the prime factors of 28211760.
2, 3, 5, 37, 353
List the prime factors of 166317680.
2, 5, 2078971
List the prime factors of 440875647.
3, 48986183
List the prime factors of 4803442130.
2, 5, 23, 1087, 19213
List the prime factors of 19280262.
2, 3, 3213377
What are the prime factors of 1315134637?
17, 77360861
List the prime factors of 5278353797.
5278353797
List the prime factors of 4272653393.
47, 3499, 25981
List the prime factors of 3692048516.
2, 13, 71000933
List the prime factors of 56377568.
2, 13, 59, 2297
List the prime factors of 72918213.
3, 41, 163, 3637
What are the prime factors of 230087234?
2, 13, 733, 12073
What are the prime factors of 177927128?
2, 1811, 12281
What are the prime factors of 239294041?
7, 34184863
What are the prime factors of 354075239?
7, 29, 1744213
What are the prime factors of 258411873?
3, 86137291
What are the prime factors of 154511397?
3, 97, 176989
What are the prime factors of 94462910?
2, 5, 9446291
What are the prime factors of 391659647?
251, 971, 1607
List the prime factors of 1586512575.
3, 5, 31, 127, 199
What are the prime factors of 35615065?
5, 811, 8783
List the prime factors of 63266859.
3, 23, 101879
What are the prime factors of 146150009?
146150009
What are the prime factors of 312403889?
7, 53, 193, 4363
What are the prime factors of 2139331110?
2, 3, 5, 7, 211, 48281
List the prime factors of 854722164.
2, 3, 523, 136189
List the prime factors of 121258375.
5, 7, 138581
What are the prime factors of 47255843?
47255843
List the prime factors of 89821698.
2, 3, 14970283
List the prime factors of 534425060.
2, 5, 13, 2055481
What are the prime factors of 109642346?
2, 11, 43, 115901
What are the prime factors of 454181229?
3, 83, 389, 521
List the prime factors of 53998541.
1319, 40939
What are the prime factors of 199849255?
5, 151, 223, 1187
List the prime factors of 1022972493.
3, 340990831
What are the prime factors of 2633497199?
41, 3191, 20129
List the prime factors of 181014206.
2, 61, 599, 2477
List the prime factors of 885214291.
13, 131, 519797
List the prime factors of 663652429.
11, 60332039
What are the prime factors of 46817013?
3, 2659, 5869
What are the prime factors of 616543990?
2, 5, 5569, 11071
What are the prime factors of 66948507?
3, 367, 20269
What are the prime factors of 65071713?
3, 7, 19, 71, 2297
What are the prime factors of 435846438?
2, 3, 24213691
List the prime factors of 4109203.
7, 23, 25523
List the prime factors of 295547279.
11423, 25873
What are the prime factors of 12927454?
2, 6463727
List the prime factors of 258842235.
3, 5, 3371, 5119
What are the prime factors of 51552918?
2, 3, 2864051
List the prime factors of 2160201407.
7, 13, 17, 199483
List the prime factors of 63440762.
2, 7, 11, 23, 17911
What are the prime factors of 2516742621?
3, 2551, 109619
What are the prime factors of 493001984?
2, 787, 2447
What are the prime factors of 2261706624?
2, 3, 218143
List the prime factors of 5139161.
5139161
What are the prime factors of 98148084?
2, 3, 23, 355609
List the prime factors of 85422903.
3, 28474301
List the prime factors of 408864775.
5, 11, 1486781
What are the prime factors of 69315623?
13, 5331971
List the prime factors of 17552932.
2, 251, 17483
What are the prime factors of 391862565?
3, 5, 67, 129971
What are the prime factors of 1685287890?
2, 3, 5, 11, 13, 43649
What are the prime factors of 2527386349?
23, 1301, 84463
What are the prime factors of 101341111?
167, 606833
What are the prime factors of 247999470?
2, 3, 5, 821, 10069
List the prime factors of 888744020.
2, 5, 17, 2613953
What are the prime factors of 37929358?
2, 19, 283, 3527
List the prime factors of 3205697049.
3, 727, 489943
List the prime factors of 58732775.
5, 229, 10259
List the prime factors of 40395468.
2, 3, 17, 198017
What are the prime factors of 476334660?
2, 3, 5, 47, 168913
What are the prime factors of 64008777?
3, 7,